 5, 11
Let x be ((-2)/(-4)*0)/(1 + 0). Suppose x = 2*v + v - 21. Suppose v*r - 40 = 6*r. List the prime factors of r.
2, 5
Suppose 12 = -3*k + 2*m, -7*k + 2*m + 12 = -10*k. Let t(p) = -6*p**3 + 7*p**2 + 4*p + 16. List the prime factors of t(k).
2, 31
Suppose 88*y + 65*y + 3*y = 2349516. What are the prime factors of y?
15061
Let n(p) = p**3 + 13*p**2 + 10*p + 6. Let j = 135 + -145. What are the prime factors of n(j)?
2, 103
Let r(b) = b**2 + 22*b + 58. Let g be r(-19). Let u(z) = -5*z + 16. List the prime factors of u(g).
11
Let h = -5284 + 7950. Let a = h - 1818. What are the prime factors of a?
2, 53
Suppose 5*v - 29804 = 9491. List the prime factors of v.
29, 271
Let n be (-32)/(-5) - (28/(-10))/(-7). Suppose v + n*v - 1008 = 0. Let l = v + -103. List the prime factors of l.
41
Let v = 36442 - 10377. What are the prime factors of v?
5, 13, 401
List the prime factors of (1 - 2)/(25/(-10550)).
2, 211
Suppose 72*h = -65*h + 131*h + 306186. List the prime factors of h.
51031
Suppose 2*t + 3*t - 1802 = 3*f, 2*f + 1442 = 4*t. Suppose -3*j + 5*v + 881 = 0, t - 79 = j - 4*v. List the prime factors of j.
2, 151
Suppose 112048 = 5*n + 4*t, 3*t + 0*t = -5*n + 112051. What are the prime factors of n?
2, 13, 431
Suppose 11*y = -3*y - 28. Let q(t) = 17*t**3 - 6*t - 7. Let u be q(y). Let k = u - -378. List the prime factors of k.
13, 19
List the prime factors of (-84480)/(-18) - (-3 - (-20)/15).
3, 5, 313
Let y be -27931*(-20)/50*10/(-4). Let d be y/(-51) + 2/6. Suppose 0 = -11*v + 15*v - d. What are the prime factors of v?
137
Let i(w) = w**2 + 2*w + 2. Let v be i(0). Suppose -k + v*k - 226 = -3*a, -k + 226 = -a. List the prime factors of k.
2, 113
Suppose -5*b + 6497 + 5103 = 0. Suppose 3*v = 19*v - b. What are the prime factors of v?
5, 29
Suppose 8*w - 109375 = 19081. What are the prime factors of w?
16057
Let q be (-1)/((35/(-25))/7). Suppose -q*u - 3*u = -2488. What are the prime factors of u?
311
Let h = 57 + 11. Suppose o + h = 72. Suppose 11*t - o*t - 539 = 0. What are the prime factors of t?
7, 11
Let t(j) = -j**2 + 6*j**2 - 18*j - j**2. Let d(q) = 5*q**2 - 17*q. Let g(b) = 5*d(b) - 4*t(b). List the prime factors of g(-3).
2, 3, 5
Let j(l) = 13 + 46*l - 91*l + 44*l. Suppose 0 = -11*p + 17*p - 18. What are the prime factors of j(p)?
2, 5
Suppose 873146 + 776647 = 37*q. List the prime factors of q.
3, 89, 167
What are the prime factors of (-14)/91 - (-4846611)/273?
41, 433
Let j = 17450 - 7305. List the prime factors of j.
5, 2029
Let i be (30/10)/(1/(1004/12)). Let u = 333 + i. What are the prime factors of u?
2, 73
Let k(v) = 5*v**2 - 37*v + 457. List the prime factors of k(-62).
127, 173
Suppose -90369 = -16*q + 45151. What are the prime factors of (8/(-7))/((-20)/q)?
2, 11
Let p be ((-6)/((-30)/(-25)))/(-1). Suppose -33*s + 36*s = -2*k + 1017, 2067 = 4*k - p*s. List the prime factors of k.
3, 19
Let f(g) be the second derivative of 17*g**4/12 - 7*g**3/3 - 31*g**2/2 + 2*g - 4. List the prime factors of f(-3).
2, 41
Suppose 1265616 = -2520*n + 2536*n. What are the prime factors of n?
3, 11, 17, 47
Let p be 1/(-3 + -12*4/(-18)). List the prime factors of 3 + -4*p/(-12)*-41.
2, 11
Let s = -2834 - -12284. List the prime factors of s.
2, 3, 5, 7
Suppose -4*g = -5*g + 3, -53074 = -2*m + 4*g. List the prime factors of m.
11, 19, 127
List the prime factors of (-18)/12*(-2 + 9728/(-3)).
31, 157
Suppose -336661 = -4110*j + 4091*j. List the prime factors of j.
13, 29, 47
Suppose 0 = 72*y - 3338218 - 996110. List the prime factors of y.
37, 1627
Let j = 4949 - -13. What are the prime factors of j?
2, 3, 827
Suppose 2*j = -2*w + 1050, -w - 2*j - 65 = -590. Suppose -597 = -17*r + w. List the prime factors of r.
2, 3, 11
List the prime factors of 5/2 + (-12970580)/(-280).
2, 3, 7, 1103
Suppose 3*c - 85 = 830. Let d = c + -154. List the prime factors of d.
151
Let n = 50 - 46. Let o be 2/2 - 2/n*-6. Suppose -o*b + 148 = -212. List the prime factors of b.
2, 3, 5
Let a = 102 - 104. List the prime factors of (a - (0 - 205)) + 2.
5, 41
Suppose -8*i = -2 + 18. List the prime factors of ((-9)/15)/(i*2/420).
3, 7
Let t(b) = 3*b**2 - 18*b + 3. Let m be t(-6). Let w = m - 462. Let a = w - -532. What are the prime factors of a?
17
Let a(b) = 16576*b - 13292. List the prime factors of a(5).
2, 3, 1933
Suppose -4*a = -20, 9*b + 36 = 13*b + 4*a. What are the prime factors of b*((-1566)/(-24) + 0)?
3, 29
Let u(w) = -21*w**2 - 8*w + 2. Let t be u(11). Let z = -1435 - t. List the prime factors of z.
2, 149
Suppose 2*l - 6873 = 5*o + 12304, 5*o - 38369 = -4*l. What are the prime factors of l?
3, 23, 139
Let p(w) = -24*w + 1185. What are the prime factors of p(-55)?
3, 5, 167
Suppose 80 + 4 = -3*a. Let w be ((-4)/(-5))/((-28)/3710). Let q = a - w. List the prime factors of q.
2, 3, 13
Let t = -4857 + 13307. What are the prime factors of t?
2, 5, 13
Let m = -29 + 24. Let p(c) = 10*c**2 + 9*c + 42. What are the prime factors of p(m)?
13, 19
Let z(u) = -104*u**3 - 119*u**2 - 621*u - 2. List the prime factors of z(-5).
2, 3, 547
Let u(v) = 5*v**3 - 9*v**2 - 25*v + 3. Let d(g) = -9*g**3 + 18*g**2 + 48*g - 5. Let c(z) = -6*d(z) - 11*u(z). List the prime factors of c(-12).
3, 5, 13
Let d be ((-5)/4)/((-117)/936). Suppose d*p = 14*p - 5800. List the prime factors of p.
2, 5, 29
Let y(c) = -c - 20. Let s(d) = -21. Let v(r) = 2*r**3 - r**2 - 4*r + 2. Let m be v(2). Let w(u) = m*s(u) - 7*y(u). What are the prime factors of w(9)?
7, 11
Let p be ((-72)/144)/(2/7388). Let s = -1148 - p. What are the prime factors of s?
3, 233
Let z(i) = 11*i**2 - 6*i + 6. Let w be z(3). Let d = 593 - w. List the prime factors of d.
2, 11, 23
Suppose -j - 6*j = -4802. Suppose 5*g + j = 2*c + g, -c = -3*g - 345. List the prime factors of c.
3, 113
Let t be 3/2*20/3. Let u(p) = -4*p - 3 + 17 + 10*p - 7. List the prime factors of u(t).
67
Suppose -3*l + 80 = 4*a, 29*a + 35 = l + 32*a. Suppose -l*b + 1849 = -3871. What are the prime factors of b?
2, 11, 13
Suppose 1244 + 1346 = 259*s. Let v(f) = -19*f + 7. Let x(r) = r + 1. Let m(w) = -v(w) - 4*x(w). What are the prime factors of m(s)?
139
Let o = -869 + 1535. Suppose o = -380*p + 382*p. What are the prime factors of p?
3, 37
Let o = -173 + 187. Suppose o*x + 9*x = 575. List the prime factors of x.
5
Suppose -q + 5*q = 440. Suppose -4*a + 322 + q = 0. What are the prime factors of (40/(-24))/((-1)/a)?
2, 3, 5
Suppose -32*y = -24*y - 880. Let q = 338 + y. List the prime factors of q.
2, 7
Let i = 6792 + 2258. List the prime factors of i.
2, 5, 181
Suppose -2*w - 6642 + 28912 = 4*c, -3*c + 16700 = 4*w. List the prime factors of c.
2, 3, 29
Let z(o) = o**3 - 21*o**2 - 23*o + 19. Let l be z(22). Let f be 2/l*-1 - 34/51. Suppose -5*h + f*h + 1420 = 0. What are the prime factors of h?
2, 71
Let q(k) = 7 - 4 + 15 + 18*k - 24*k + 12*k. What are the prime factors of q(1)?
2, 3
Let n = 6584 + -3438. What are the prime factors of n?
2, 11, 13
Suppose 5*p - 122*p = -1413243. What are the prime factors of p?
47, 257
Let x be ((-78)/(-5))/((-3)/(-10)). Suppose 125*d - 12 = 128*d. Let c = x + d. List the prime factors of c.
2, 3
Let z(k) = 3*k - 3. Let o be z(5). Let h be 8/o + 4022/6. Suppose h + 121 = 8*q. List the prime factors of q.
3, 11
Let b = 349 - 341. Suppose 13*t - b*t = 9165. List the prime factors of t.
3, 13, 47
Let a(o) = o**3 + 11*o**2 - 6*o - 1. Let l(x) = -x**2 - 14*x - 3. Let i be l(-14). Let k be 1 + 9/i*(-4)/(-1). What are the prime factors of a(k)?
5, 13
Let i = -832 + 1167. Let r = -158 + -36. Let x = r + i. What are the prime factors of x?
3, 47
Suppose -19*o = -38*o + 276925. List the prime factors of o.
5, 11, 53
Let q(g) = 9*g**2 + 25*g - 83. List the prime factors of q(-26).
5351
Suppose 18338 + 38062 = 20*a. Suppose -4*g = 3*c - 4224, 0 = 2*c - 24*g + 28*g - a. What are the prime factors of c?
2, 3, 13
Let z(o) = 17*o - 28. Let u = 85 + -79. What are the prime factors of z(u)?
2, 37
Suppose 2*p + 2 = -4*i - 3*p, -4*p = 5*i - 2. What are the prime factors of i*58 - (-37 - -34)?
7, 17
Suppose -3*r + 6 = 0, 3*r + 133 = 2*j + 145. Let k(w) = 123*w**2 - 29*w - 78. List the prime factors of k(j).
2, 3, 31
Suppose 3*g - 28 = 3*p - 7, -4*g + 36 = 4*p. List the prime factors of ((-6)/g)/(57/(-79268)).
7, 149
Suppose -61*g + 118*g = 78*g - 1105461. List